0*t**2 - 11*t - 12. What is the remainder when (1 - 3*2)*-3 is divided by b(-9)?
3
Let f = 94 - 45. Calculate the remainder when f is divided by 26.
23
Suppose -3*h + 4*z - z + 486 = 0, -4*h - z + 633 = 0. Calculate the remainder when h is divided by 32.
31
Suppose -8*h = -14*h + 186. Calculate the remainder when h is divided by 19.
12
Let l = 3 - -2. Suppose -3*t + a + 59 = 0, 2*a = l*t - 59 - 40. Calculate the remainder when t is divided by 11.
8
Suppose 24 = 5*n + 4. Suppose -4*s - n*i = -s - 61, -5*i + 20 = 0. What is the remainder when 58 is divided by s?
13
Let b(f) = 15*f**2 - 2*f - 2. Let o be b(2). Suppose k + k = 14. Calculate the remainder when k is divided by o/12 - (-3)/(-2).
1
Suppose -2*i - 175 = -7*i. Suppose 7*f - i = 2*f. What is the remainder when 17 is divided by f?
3
Let q be (-6)/4 + 189/2. Suppose 0*b = 3*b - q. Suppose 0 = 5*i + 25, -3*i + 70 = 4*c - b. What is the remainder when c is divided by 10?
9
Let v(i) = 34*i - 8. Suppose 0*b - 3*b + 21 = 0. Calculate the remainder when v(1) is divided by b.
5
Let k(i) = i**2 + i - 6. What is the remainder when 53 is divided by k(-5)?
11
Let z(l) = l + 13. Let b be z(-11). What is the remainder when 4/b - (-1 + 0) is divided by 3?
0
Let k(t) = 5*t - 9. Let b(v) = -v**2 + 7*v - 1. Let o be b(4). Let q(d) = 3*d - 5. Let c(f) = o*q(f) - 6*k(f). What is the remainder when c(4) is divided by 6?
5
Let d(i) = -i**3 + 4*i + 6. Calculate the remainder when 186 is divided by d(-3).
18
Suppose b = -3*p - 1 - 0, 5*p = -2*b - 3. Let k = b + 24. What is the remainder when k is divided by 11?
9
Let u(q) = 11*q**2 - q - 1. Suppose -3*h + 1 = 4. What is the remainder when 21 is divided by u(h)?
10
Suppose -2*f - 9 = f, 0 = t + f + 1. Suppose -5*l = -2*p - 95 + 11, -t*l + 3*p = -27. What is the remainder when 69 is divided by l?
15
Suppose -211 = -6*z + 7*z. Let l = z + 296. Let q = -49 + l. Calculate the remainder when q is divided by 19.
17
Suppose 10*m - 9*m = -2*d + 54, -4*m = -2*d + 74. What is the remainder when 200 is divided by d?
26
Calculate the remainder when 61 is divided by (-20)/10 + 1/((-1)/(-34)).
29
Let t(g) = -g + 1. Let n(o) = o**2 - 5*o + 8. Let c(h) = n(h) - 6*t(h). Suppose 7*d = 2*d + 25. What is the remainder when c(-4) is divided by d?
4
Let g be (-21)/(-14) - 35/(-2). Suppose -2*w + 27 = -g. What is the remainder when 89 is divided by w?
20
Suppose 0 = -2*a - 0 - 2. Let y(s) = 14*s**2 + s + 2. Calculate the remainder when y(a) is divided by 9.
6
Let a(k) = 23*k**2 + 2*k - 1. Let n = -7 - -8. What is the remainder when a(n) is divided by 13?
11
Suppose -3*v - 2*c = 7, 4*v - 10 - 4 = 2*c. What is the remainder when v is divided by 1?
0
Let m = 33 - 20. Let o = m - -2. What is the remainder when 58 is divided by o?
13
What is the remainder when (1/(10/(-16)))/((-34)/425) is divided by 7?
6
Let d(p) = 7*p**2 + 4*p - 6. Let i(s) = s**2 - s. Let y(j) = d(j) - 6*i(j). Let q(h) = 4*h + 2. What is the remainder when q(4) is divided by y(-11)?
3
Let d(t) = 5*t - 29. What is the remainder when 18 is divided by d(7)?
0
Let r = -15 - -32. Suppose -5*p = -2 - 28. What is the remainder when r is divided by p?
5
Suppose -4*y = 8, -2*v = -5*v + 3*y - 129. Let d = v - -73. Suppose u - d = 1. Calculate the remainder when u is divided by 15.
14
Suppose 13 = j - m, -2*m = -j + 3*m + 17. Let h = j - 4. Calculate the remainder when 23 is divided by h.
7
Suppose 2*q - 7 = 7. Let f(c) = 8*c**2 - 3*c + 3. Let r be f(2). Suppose -x + 40 = 2*a - 3, -2*x = a - r. Calculate the remainder when a is divided by q.
5
What is the remainder when 51 is divided by (-1)/(-1)*1*(16 - 7)?
6
Let y(o) = -5*o**2 + 2 - 2 - 8. Let k(c) = -14*c**2 + c - 24. Let t(d) = 6*k(d) - 17*y(d). Calculate the remainder when 73 is divided by t(-9).
16
Let q(g) = 8*g + 2. Let s(m) = 11*m**2 + 1. Calculate the remainder when q(4) is divided by s(-1).
10
Suppose -18 = -a + 3. Let s = a - -13. What is the remainder when s is divided by 18?
16
Suppose 21 = h - 13. What is the remainder when 100 is divided by h?
32
Let x = -111 + 128. Calculate the remainder when 252 is divided by x.
14
Suppose 5*k - 16 = -4*g, -5*k = -4*k - 4*g - 8. Suppose -k*p + 30 = h, h + 3*h + 8 = 0. Let z = 16 + -11. What is the remainder when p is divided by z?
3
Suppose z - 4*z = 5*k + 33, -9 = 2*z - k. Let s(v) = v**3 + v**2 - 2*v - 1. Calculate the remainder when 2*((-9)/z + -1) is divided by s(-1).
0
Let u(k) = -2*k**3 + 2*k + 1. Calculate the remainder when 24 is divided by u(-2).
11
Let l = 43 - 31. Suppose 3*p = -2*n + 93, -5*p - n + 63 = -3*p. Calculate the remainder when p is divided by l.
9
Let a be (27 - 114)*(-1)/3. Let x be (-2 - (2 - 3))*-3. What is the remainder when a*(4 - (x - 0)) is divided by 8?
5
Suppose -4*m = -3*m - 22. What is the remainder when 87 is divided by m?
21
Let h(b) = -b + 11. Calculate the remainder when 11 is divided by h(7).
3
Let z = -1 - -10. Suppose 3*h - 52 = h. Calculate the remainder when h is divided by z.
8
Let u(d) = 36*d**2 - d - 1. Calculate the remainder when u(-2) is divided by 37.
34
Let j(t) = t**3 - 2*t**2 - 4 - t**2 - 4*t + t**2 - 2*t**2. What is the remainder when 1 is divided by j(5)?
0
Let t(v) be the third derivative of v**5/60 - v**4/8 - 7*v**3/6 - v**2. Let b be 3/15 + (-72)/(-15). Calculate the remainder when 5 is divided by t(b).
2
Let g(k) = k**3 + 8*k**2 - 14*k - 6. Calculate the remainder when g(-9) is divided by (1 + (-4)/8)*40.
19
Suppose -2*r + 3*r = -21. Let p = 31 + r. Calculate the remainder when 27 is divided by p.
7
Let s = -2 + 19. Let j = s + 16. Calculate the remainder when j is divided by (-2 + (-3)/(-3))*-17.
16
Let i(l) = 10*l + 1. Suppose 14*d - 15 = 9*d. What is the remainder when i(1) is divided by d?
2
Let s = 35 + -7. Calculate the remainder when s is divided by 80/12*18/8.
13
Let x = -5 - -9. Suppose -5*p + 4*n + 30 = 0, -5 - 19 = -4*p - 3*n. Suppose 4*j - j - p = 0. Calculate the remainder when x is divided by j.
0
Let r = -3 + 7. Suppose 0*b - 16 = -r*b. What is the remainder when 10 is divided by b?
2
Let x = 124 + -39. What is the remainder when x is divided by 22?
19
Suppose -5*c + c + 4 = 4*s, c - 19 = 5*s. Suppose -4 + 0 = -c*w. Calculate the remainder when (7 - 5)/(w*2) is divided by 1.
0
Let f = 26 + 12. Suppose n - 3*n + f = 0. Calculate the remainder when n is divided by 5.
4
Let t be (-1 + 1)/(3 + -2). Let d(w) = w**3 + 4. Let x = 11 + -5. Calculate the remainder when x is divided by d(t).
2
Suppose 10 = 2*h, h = -2*w - 0*h + 31. What is the remainder when 38 is divided by w?
12
Let x(i) = 18*i**2 - i - 1. Let m be (-8)/14 + 21/(-49). What is the remainder when 33 is divided by x(m)?
15
Suppose 5*g - 82 = -4*p, -4*g - p + 53 = -2*p. What is the remainder when 25 is divided by g?
11
Suppose 1 + 17 = y. Calculate the remainder when 16 is divided by y/(7/(28/8)).
7
Let x be (4/(-3))/((-8)/12). Suppose -x*k + 16 = -6. Suppose 3*c = 78 + 15. What is the remainder when c is divided by k?
9
Let h(s) = 7*s + 28. What is the remainder when h(4) is divided by 30?
26
Let i(z) = 3*z**2 - 2*z + 1. What is the remainder when i(-4) is divided by 15?
12
Suppose -5*r = 3*z + z - 25, -1 = 4*r - z. Let q(b) = b - 4. What is the remainder when r is divided by q(5)?
0
Suppose -3*y + 23 = -37. Let m(o) = -o - 1. Let w(n) = -12*n + 12. Let a(g) = -9*m(g) - w(g). What is the remainder when a(2) is divided by y?
19
Suppose -2*r = n + 2 - 1, 5*r + 5*n + 10 = 0. Suppose 5 = 6*x - x. Suppose 3 + x = 2*m. What is the remainder when m is divided by r?
0
Let d(l) = 2*l**2 - 2*l - 4. Calculate the remainder when d(6) is divided by 15.
11
Let w be (3 - 4)*2*-1. Suppose 3*p - 55 = -w*p. Suppose 3*j = -4*n + 89, -3*n + 2*n = -5*j + 156. Calculate the remainder when j is divided by p.
9
Let k(b) = -7*b - 2. Let a be k(3). Let f(c) = c**2 + 2*c - 2. Let y be f(-2). Let l = y - a. What is the remainder when l is divided by 11?
10
What is the remainder when (26/8)/(1 - (-165)/(-168)) is divided by 37?
34
Suppose -5*h = -3*x + 22, -3*x + 11 = -h - 3. Let z(n) = 12*n + 1 - 2 + x - n**2. What is the remainder when z(9) is divided by 16?
14
Suppose 3*m = 2*d - 146, -2*d - 3*d + 3*m = -365. What is the remainder when d is divided by 19?
16
Let s(k) = 2*k. Let d be s(-2). Let i = 9 + d. What is the remai